ative of -t**2 + 13*t - 1. List the prime factors of p(z).
3, 11
Suppose 0 = -21*g + 98545 - 19480. What are the prime factors of g?
3, 5, 251
Let h = -2 - -6. Suppose -d + 763 = h*z, z = -2*z - 4*d + 582. Suppose -46 + z = 6*y. List the prime factors of y.
2, 3
Let l(x) = -11*x + 16 - 20*x - 29. What are the prime factors of l(-5)?
2, 71
Suppose -3*j + 20498 = -7*f + 12*f, -2*f + 8196 = -2*j. What are the prime factors of f?
4099
Let a(k) = k + 18. Let d be a(-8). Let q = 59 - d. What are the prime factors of q?
7
Let v = 95 + 565. List the prime factors of v.
2, 3, 5, 11
Suppose n - 12 = -93. What are the prime factors of (-9)/(n/12)*24?
2
Suppose 4*r + 2705 = 9*r. List the prime factors of r.
541
Let r(l) = -l**3 - 8*l**2 - 2*l + 5. Suppose 0*a = -3*a - 12. Let b be 31/a + (-3)/12. What are the prime factors of r(b)?
3, 7
Let h = 140 - 60. What are the prime factors of h?
2, 5
Suppose -3*f + 3 = -0*f. Let w be (f/2)/(1/6). Suppose -17 = -3*d + d + w*h, -27 = -2*d + h. List the prime factors of d.
2
Let k(l) = 6*l**3 + 3*l**2 - 10*l - 14. Let s be k(-5). List the prime factors of 2*(s/(-6) - 4).
5, 41
Let f = 143 - 113. What are the prime factors of f?
2, 3, 5
Let u be (-162)/(-8) - (-4)/(-16). What are the prime factors of (-2)/(-5) - (-2712)/u?
2, 17
List the prime factors of -556*(54/(-24))/1.
3, 139
Suppose -t - 3 = -5. Suppose 0 = -4*b + 20, h + 2*b = t*h - 42. List the prime factors of h.
2, 13
Suppose -9383 - 41987 = -22*d. What are the prime factors of d?
5, 467
Let v(g) = g + 1. Let y(x) = 61*x - 3. Let o(n) = 4*v(n) + y(n). List the prime factors of o(1).
2, 3, 11
Let i = 137 + -621. Let c be (-2)/(i/(-160) + -3). List the prime factors of 4/6 + c/(-6).
2, 7
Let u(m) = -74*m + 4. Let z be u(-2). Suppose -4*c + 268 = n, -c - z = -3*c - 5*n. What are the prime factors of (c/(-15))/((-3)/15)?
2, 11
Let m(y) = y**2 + 2*y + 10. Let x = -2 + 10. List the prime factors of m(x).
2, 3, 5
Suppose 61 = -3*z - 47. Let c = 35 - z. What are the prime factors of c/6 - 8/(-48)?
2, 3
Let x(o) = -6*o + 3. Let k = -16 - -11. List the prime factors of x(k).
3, 11
Suppose 0 = -13*u + 14*u + 9. Let j be 3/(-9) - 363/u. Suppose 0*h + j = h. List the prime factors of h.
2, 5
Let t = -23 - 13. Let w be 8/t - (-40)/18. Suppose w*f - 4*f = -50. List the prime factors of f.
5
Suppose 6*s + 22304 = 40*s. What are the prime factors of s?
2, 41
Suppose 2*q = 5*j + 1327, 3*j + 191 = -3*q + 2150. List the prime factors of q.
2, 41
Suppose 6 = -2*a + 5*j, -1 + 16 = -5*a + 2*j. Let l be a*(-3)/(-2 - -5). Suppose 4*t = -20, l*z - 5*t - 88 - 48 = 0. List the prime factors of z.
37
Let t(d) = -d**2 - 35*d + 5. List the prime factors of t(-20).
5, 61
Suppose 16028 = 23*f - 14815. List the prime factors of f.
3, 149
Let r(g) = 6*g**2 + 6*g + 25. Let s(j) = 7*j**2 + 5*j + 26. Let m(y) = 6*r(y) - 5*s(y). Let u be m(-8). What are the prime factors of 0 - u/(-2)*-16?
2
Let f = -13 - -11. Let k be 5 + (-1)/(f/(-6)). Suppose -k*p = -5*p + 48. List the prime factors of p.
2
Let p(k) = 1074*k + 10. What are the prime factors of p(1)?
2, 271
Suppose -4*a + 3*a = -7. Suppose 4*h - 151 = -4*q - q, -2*q = -6. Let z = h + a. What are the prime factors of z?
41
What are the prime factors of 678*6/(-72)*-8?
2, 113
Let a = -269 - -1210. What are the prime factors of a?
941
Suppose -67*k + 145008 = -14*k. What are the prime factors of k?
2, 3, 19
Suppose 2*s - l + 0 - 9 = 0, -3*l = 3*s + 9. What are the prime factors of s/(-15) + (-30834)/(-405)?
2, 19
Suppose -k = f - 26, 4*k - 147 = -3*f - 42. What are the prime factors of (-25 + -5)/((-6)/k)?
3, 5
Let m = -261 - -419. Let b = 251 - m. List the prime factors of b.
3, 31
List the prime factors of (225/(-50))/(-3 + 1188/400).
2, 3, 5
Suppose -2 = 4*z - 3*a + 102, 5*z = a - 130. Let n = z + 51. List the prime factors of n.
5
Let f = 270 + -136. Let z = f - 79. List the prime factors of z.
5, 11
Let w(x) = 10*x**2 - 23*x + 607. What are the prime factors of w(14)?
5, 449
Suppose -2*h + 5*g = -6635, 16*g + 3295 = h + 18*g. List the prime factors of h.
5, 661
Suppose 4*k = 12, 3*k - 1810 = -5*c + 154. What are the prime factors of c?
17, 23
Let z(c) = 66*c - 90. What are the prime factors of z(8)?
2, 3, 73
Suppose 0 = 2*p + 5*o - 1203, -2*p - 2336 = -6*p + 4*o. List the prime factors of p.
19, 31
Let s = 60 + -57. Let l(q) = 4 - 3 + 3 - 4*q - q**2 + q**3. What are the prime factors of l(s)?
2, 5
Let w = 475 + 433. What are the prime factors of w?
2, 227
Let h(m) be the first derivative of -m**2/2 + 3*m - 4. Let d be h(-5). Suppose 3*k - 43 = d. What are the prime factors of k?
17
Let r be (-426)/(-16) + (-57)/(-152). Let u be 90/4 - 1/(-2). Let c = u + r. What are the prime factors of c?
2, 5
Suppose 776 = m + m. What are the prime factors of m?
2, 97
Let g = 144 - 244. Let l = g + 245. What are the prime factors of l?
5, 29
Let d = -15 + 12. Let c be 22/(-8)*(-5 + d). Suppose l = -l + c. What are the prime factors of l?
11
Let b = 9 + 194. Suppose y = 5*p - 1625, -p + b = -2*y - 122. What are the prime factors of p?
5, 13
Let m(u) = -u**3 + u**2 + u + 1. Let g(j) = -4*j**3 + 7*j**2 + j + 5. Let c(w) = g(w) - 3*m(w). Let n be c(4). What are the prime factors of (0 - -47) + 6/n?
2, 23
Let i = 7 + -7. Suppose i*g + g - 4 = 0. List the prime factors of 78/g*68/51.
2, 13
Let q(o) = 3*o**2 + 25*o - 57. List the prime factors of q(-20).
643
Let s(y) = 5*y**3 + 1. Let g be s(1). Let f(j) = j - 3. Let n be f(-5). What are the prime factors of ((-16)/g)/(n/108)?
2, 3
Suppose -139 = -r + l + 2047, 4*r + 3*l - 8758 = 0. What are the prime factors of r?
2, 547
Let b = 74 - -239. List the prime factors of b.
313
Let k = -748 - -1405. What are the prime factors of k?
3, 73
Let j(g) = g**3 + 11*g**2 - 11*g + 8. Let o be j(-12). List the prime factors of (2/o)/((-2)/16).
2
Let y(d) = 2*d**3 - 2*d**2 - 106*d - 10. What are the prime factors of y(11)?
2, 311
Suppose o = -o + 6. Let n be o/(-9) - (-57)/9. Let j = n + 1. What are the prime factors of j?
7
Suppose -t + 10 - 8 = 0. Suppose -4*s - s = t*a - 400, a + 307 = 4*s. What are the prime factors of s?
2, 3, 13
Suppose 0*r = 4*r - 152. Let m be (r + 0)*(-2)/4. What are the prime factors of (1 - (m + 1)) + 2?
3, 7
Let q be 27/(-18)*28/(-6). Let a(l) = -l**2 + 6*l - 3. Let w be a(q). Let k = w - -24. List the prime factors of k.
2, 7
Suppose 0*u = 2*u - 134. Let z = -47 + u. List the prime factors of 18*(z/12)/5.
2, 3
Let g(d) = 8*d - 9*d + 2*d - 617*d**2. Let c be g(-1). List the prime factors of (-34)/187 + c/(-11).
2, 7
Let n(k) = 2*k**2 + 1. Let m be n(-1). List the prime factors of -1 - m - (-1 + -6).
3
Let t = 834 + -75. List the prime factors of t.
3, 11, 23
Suppose 2*q - 385 = 5*b, -2*b - 157 + 507 = 2*q. What are the prime factors of q?
2, 3, 5
Suppose -u = 3 - 47. Suppose u = 3*r - 160. List the prime factors of r.
2, 17
Let x(i) = 4*i + 5. Let n(v) = 3*v + 4. Let a(q) = -7*n(q) + 6*x(q). Let m(t) = -t**3 + 4*t**2 + 2*t - 5. Let s be m(4). List the prime factors of a(s).
11
Suppose 0 = -0*o + 5*o - 120. Suppose r + 3 = -o. Let h = 40 + r. What are the prime factors of h?
13
What are the prime factors of 959/((-2)/(-2)) - (5 + -4)?
2, 479
Let k be 2*(-14)/(-4) - 0. Let m = -4 + k. Suppose 2*l + 0*l - 4*y = 46, m*l - y - 89 = 0. What are the prime factors of l?
31
Let p be (2/2)/(2/10). List the prime factors of (1/(p/(-380)))/(-2).
2, 19
Let x = 24 - 40. List the prime factors of 148/6 - x/(-24).
2, 3
Suppose 0 = -5*z + 45 - 15. Let v = z + -11. Let y = 20 - v. List the prime factors of y.
5
Let g = 1353 + -1131. What are the prime factors of g?
2, 3, 37
List the prime factors of (-19410)/(-33) - (4 - 252/66).
2, 3, 7
Let l = -1205 - -1923. What are the prime factors of l?
2, 359
Suppose t = -2*k + 4, -2*t = 3*k - 7*t + 20. Suppose k = -2*i - 1 - 17. Let q(v) = -v**3 - 10*v**2 - 10*v + 7. List the prime factors of q(i).
2
Suppose 0*g + 5*g - 11380 = 0. List the prime factors of g.
2, 569
Let o(y) be the first derivative of y**3/3 - y**2/2 + 11*y + 9. List the prime factors of o(6).
41
Suppose -12 = 3*j - 3*t, 4*j - 3*t = -2*t - 1. Suppose 0 = -4*a - j + 29. List the prime factors of a.
7
List the prime factors of 1/1*811 + (-60 - -58).
809
Let f(j) = -182*j - 102. What are the prime factors of f